{"id":7,"date":"2019-03-25T16:46:01","date_gmt":"2019-03-25T15:46:01","guid":{"rendered":"https:\/\/wehrendt.de\/wehrendt\/?page_id=7"},"modified":"2024-12-17T15:44:59","modified_gmt":"2024-12-17T14:44:59","slug":"startseite","status":"publish","type":"page","link":"https:\/\/wehrendt.de\/wehrendt\/","title":{"rendered":"Startseite"},"content":{"rendered":"\t\t<div data-elementor-type=\"wp-post\" data-elementor-id=\"7\" class=\"elementor elementor-7\">\n\t\t\t\t\t\t<section class=\"elementor-section elementor-top-section elementor-element elementor-element-802826f elementor-section-boxed elementor-section-height-default elementor-section-height-default\" data-id=\"802826f\" data-element_type=\"section\" data-e-type=\"section\">\n\t\t\t\t\t\t<div class=\"elementor-container elementor-column-gap-default\">\n\t\t\t\t\t<div class=\"elementor-column elementor-col-100 elementor-top-column elementor-element elementor-element-5e883e8\" data-id=\"5e883e8\" data-element_type=\"column\" data-e-type=\"column\">\n\t\t\t<div class=\"elementor-widget-wrap elementor-element-populated\">\n\t\t\t\t\t\t<div class=\"elementor-element elementor-element-78c7234 elementor-widget elementor-widget-text-editor\" data-id=\"78c7234\" data-element_type=\"widget\" data-e-type=\"widget\" data-widget_type=\"text-editor.default\">\n\t\t\t\t<div class=\"elementor-widget-container\">\n\t\t\t\t\t\t\t\t\t<h2 style=\"text-align: center;\">Wir freuen uns, Sie auf unserer Homepage begr\u00fc\u00dfen zu k\u00f6nnen.<\/h2><h2 style=\"text-align: center;\">Informieren Sie sich auf unserer Webseite \u00fcber unser Unternehmen sowie unsere Leistungen. Unser Betrieb aus dem Raum Rotenburg W\u00fcmme stellt Ihnen eine gro\u00dfe Bandbreite an Maschinen und Fuhrpark zur Verf\u00fcgung.\u00a0<\/h2><h2 style=\"text-align: center;\">F\u00fcr eine umfassende und fachlich kompetente Beratung stehen wir Ihnen gerne zur Verf\u00fcgung.<\/h2><h2 style=\"text-align: center;\">Sie m\u00f6chten mehr \u00fcber uns und unsere Leistungen erfahren? Gerne stellen wir uns Ihnen vor.\u00a0 Unser kompetentes Team ist jederzeit gerne f\u00fcr Sie da.<\/h2><h2 style=\"text-align: center;\">Wir freuen uns auf Ihre Kontaktaufnahme.<\/h2><p>\u00a0<\/p>\t\t\t\t\t\t\t\t<\/div>\n\t\t\t\t<\/div>\n\t\t\t\t\t<\/div>\n\t\t<\/div>\n\t\t\t\t\t<\/div>\n\t\t<\/section>\n\t\t\t\t<section class=\"elementor-section elementor-top-section elementor-element elementor-element-976322e elementor-section-boxed elementor-section-height-default elementor-section-height-default\" data-id=\"976322e\" data-element_type=\"section\" data-e-type=\"section\">\n\t\t\t\t\t\t<div class=\"elementor-container elementor-column-gap-default\">\n\t\t\t\t\t<div class=\"elementor-column elementor-col-33 elementor-top-column elementor-element elementor-element-cc2f4f8\" data-id=\"cc2f4f8\" data-element_type=\"column\" data-e-type=\"column\">\n\t\t\t<div class=\"elementor-widget-wrap elementor-element-populated\">\n\t\t\t\t\t\t<div class=\"elementor-element elementor-element-5cd16f1 elementor-widget elementor-widget-image\" data-id=\"5cd16f1\" data-element_type=\"widget\" data-e-type=\"widget\" data-widget_type=\"image.default\">\n\t\t\t\t<div class=\"elementor-widget-container\">\n\t\t\t\t\t\t\t\t\t\t\t\t\t\t\t<img fetchpriority=\"high\" decoding=\"async\" width=\"320\" height=\"202\" src=\"https:\/\/wehrendt.de\/wehrendt\/wp-content\/uploads\/2019\/04\/TTZW9987-320x202.jpg\" class=\"attachment-agama-blog-medium size-agama-blog-medium wp-image-221\" alt=\"\" srcset=\"https:\/\/wehrendt.de\/wehrendt\/wp-content\/uploads\/2019\/04\/TTZW9987-320x202.jpg 320w, https:\/\/wehrendt.de\/wehrendt\/wp-content\/uploads\/2019\/04\/TTZW9987-700x441.jpg 700w\" sizes=\"(max-width: 320px) 100vw, 320px\" \/>\t\t\t\t\t\t\t\t\t\t\t\t\t\t\t<\/div>\n\t\t\t\t<\/div>\n\t\t\t\t\t<\/div>\n\t\t<\/div>\n\t\t\t\t<div class=\"elementor-column elementor-col-33 elementor-top-column elementor-element elementor-element-a6ce527\" data-id=\"a6ce527\" data-element_type=\"column\" data-e-type=\"column\">\n\t\t\t<div class=\"elementor-widget-wrap elementor-element-populated\">\n\t\t\t\t\t\t<div class=\"elementor-element elementor-element-20467ce elementor-widget elementor-widget-image\" data-id=\"20467ce\" data-element_type=\"widget\" data-e-type=\"widget\" data-widget_type=\"image.default\">\n\t\t\t\t<div class=\"elementor-widget-container\">\n\t\t\t\t\t\t\t\t\t\t\t\t\t\t\t<img decoding=\"async\" width=\"300\" height=\"200\" src=\"https:\/\/wehrendt.de\/wehrendt\/wp-content\/uploads\/2019\/03\/Start3.jpg\" class=\"attachment-large size-large wp-image-56\" alt=\"\" \/>\t\t\t\t\t\t\t\t\t\t\t\t\t\t\t<\/div>\n\t\t\t\t<\/div>\n\t\t\t\t\t<\/div>\n\t\t<\/div>\n\t\t\t\t<div class=\"elementor-column elementor-col-33 elementor-top-column elementor-element elementor-element-473c865\" data-id=\"473c865\" data-element_type=\"column\" data-e-type=\"column\">\n\t\t\t<div class=\"elementor-widget-wrap elementor-element-populated\">\n\t\t\t\t\t\t<div class=\"elementor-element elementor-element-45be0f7 elementor-widget elementor-widget-image\" data-id=\"45be0f7\" data-element_type=\"widget\" data-e-type=\"widget\" data-widget_type=\"image.default\">\n\t\t\t\t<div class=\"elementor-widget-container\">\n\t\t\t\t\t\t\t\t\t\t\t\t\t\t\t<img decoding=\"async\" width=\"320\" height=\"202\" src=\"https:\/\/wehrendt.de\/wehrendt\/wp-content\/uploads\/2019\/04\/k-140416-014-320x202.jpg\" class=\"attachment-agama-blog-medium size-agama-blog-medium wp-image-240\" alt=\"\" \/>\t\t\t\t\t\t\t\t\t\t\t\t\t\t\t<\/div>\n\t\t\t\t<\/div>\n\t\t\t\t\t<\/div>\n\t\t<\/div>\n\t\t\t\t\t<\/div>\n\t\t<\/section>\n\t\t\t\t<\/div>\n\t\t","protected":false},"excerpt":{"rendered":"<p>Wir freuen uns, Sie auf unserer Homepage begr\u00fc\u00dfen zu k\u00f6nnen. Informieren Sie sich auf unserer Webseite \u00fcber unser Unternehmen sowie unsere Leistungen. Unser Betrieb aus dem Raum Rotenburg W\u00fcmme stellt Ihnen eine gro\u00dfe Bandbreite an Maschinen und Fuhrpark zur Verf\u00fcgung.\u00a0 F\u00fcr eine umfassende und fachlich kompetente Beratung stehen wir Ihnen gerne zur Verf\u00fcgung. Sie m\u00f6chten mehr \u00fcber uns und unsere<\/p>\n<p><a class=\"more-link\" href=\"https:\/\/wehrendt.de\/wehrendt\/\">Weiterlesen<\/a><\/p>\n","protected":false},"author":1,"featured_media":0,"parent":0,"menu_order":0,"comment_status":"closed","ping_status":"closed","template":"page-templates\/full-width.php","meta":{"footnotes":""},"class_list":["post-7","page","type-page","status-publish","hentry"],"_links":{"self":[{"href":"https:\/\/wehrendt.de\/wehrendt\/wp-json\/wp\/v2\/pages\/7","targetHints":{"allow":["GET"]}}],"collection":[{"href":"https:\/\/wehrendt.de\/wehrendt\/wp-json\/wp\/v2\/pages"}],"about":[{"href":"https:\/\/wehrendt.de\/wehrendt\/wp-json\/wp\/v2\/types\/page"}],"author":[{"embeddable":true,"href":"https:\/\/wehrendt.de\/wehrendt\/wp-json\/wp\/v2\/users\/1"}],"replies":[{"embeddable":true,"href":"https:\/\/wehrendt.de\/wehrendt\/wp-json\/wp\/v2\/comments?post=7"}],"version-history":[{"count":15,"href":"https:\/\/wehrendt.de\/wehrendt\/wp-json\/wp\/v2\/pages\/7\/revisions"}],"predecessor-version":[{"id":538,"href":"https:\/\/wehrendt.de\/wehrendt\/wp-json\/wp\/v2\/pages\/7\/revisions\/538"}],"wp:attachment":[{"href":"https:\/\/wehrendt.de\/wehrendt\/wp-json\/wp\/v2\/media?parent=7"}],"curies":[{"name":"wp","href":"https:\/\/api.w.org\/{rel}","templated":true}]}}